Calculate the remainder when 102933 is divided by 729.
144
What is the remainder when 32219 is divided by 620?
599
Calculate the remainder when 3065 is divided by 1497.
71
What is the remainder when 1119 is divided by 1118?
1
What is the remainder when 19669 is divided by 239?
71
What is the remainder when 3572 is divided by 181?
133
What is the remainder when 60201 is divided by 171?
9
Calculate the remainder when 212342 is divided by 88.
86
Calculate the remainder when 30060 is divided by 2460.
540
Calculate the remainder when 11737 is divided by 129.
127
Calculate the remainder when 64379 is divided by 12863.
64
Calculate the remainder when 6667 is divided by 142.
135
Calculate the remainder when 8052 is divided by 1003.
28
Calculate the remainder when 74364 is divided by 10623.
3
What is the remainder when 73202 is divided by 9149?
10
What is the remainder when 992883 is divided by 254?
251
What is the remainder when 134396 is divided by 44796?
8
Calculate the remainder when 4074 is divided by 34.
28
Calculate the remainder when 45810 is divided by 23.
17
Calculate the remainder when 95698 is divided by 371.
351
What is the remainder when 550 is divided by 454?
96
What is the remainder when 27255 is divided by 447?
435
Calculate the remainder when 2239 is divided by 94.
77
Calculate the remainder when 311255 is divided by 29.
27
Calculate the remainder when 1460898 is divided by 1460887.
11
Calculate the remainder when 38312 is divided by 43.
42
What is the remainder when 828884 is divided by 21?
14
What is the remainder when 6908 is divided by 573?
32
What is the remainder when 1939841 is divided by 193?
191
What is the remainder when 649788 is divided by 208?
204
What is the remainder when 17707 is divided by 77?
74
Calculate the remainder when 68715 is divided by 24.
3
Calculate the remainder when 3543 is divided by 380.
123
What is the remainder when 1033 is divided by 61?
57
Calculate the remainder when 1220 is divided by 1140.
80
Calculate the remainder when 16251 is divided by 5325.
276
Calculate the remainder when 98439 is divided by 214.
213
What is the remainder when 643 is divided by 191?
70
What is the remainder when 7222 is divided by 3604?
14
Calculate the remainder when 26833 is divided by 62.
49
What is the remainder when 28430 is divided by 27?
26
Calculate the remainder when 65872 is divided by 10.
2
Calculate the remainder when 8735 is divided by 353.
263
Calculate the remainder when 33429 is divided by 199.
196
What is the remainder when 2081 is divided by 210?
191
What is the remainder when 1608317 is divided by 8?
5
What is the remainder when 198133 is divided by 35?
33
What is the remainder when 20724 is divided by 20388?
336
What is the remainder when 1622 is divided by 791?
40
What is the remainder when 41401 is divided by 5174?
9
Calculate the remainder when 200 is divided by 161.
39
Calculate the remainder when 27891 is divided by 165.
6
Calculate the remainder when 561169 is divided by 17.
16
Calculate the remainder when 1551 is divided by 1516.
35
What is the remainder when 4399 is divided by 281?
184
Calculate the remainder when 2516 is divided by 599.
120
What is the remainder when 23016 is divided by 3834?
12
What is the remainder when 725 is divided by 10?
5
What is the remainder when 5521 is divided by 2759?
3
Calculate the remainder when 119977 is divided by 1714.
1711
Calculate the remainder when 8603 is divided by 151.
147
Calculate the remainder when 5145 is divided by 339.
60
Calculate the remainder when 46952 is divided by 172.
168
What is the remainder when 3113 is divided by 235?
58
Calculate the remainder when 46173 is divided by 745.
728
Calculate the remainder when 8351 is divided by 597.
590
What is the remainder when 31594 is divided by 355?
354
Calculate the remainder when 117645 is divided by 24.
21
Calculate the remainder when 10091 is divided by 49.
46
Calculate the remainder when 3552 is divided by 61.
14
What is the remainder when 42487 is divided by 988?
3
What is the remainder when 110999 is divided by 121?
42
Calculate the remainder when 579 is divided by 500.
79
What is the remainder when 425321 is divided by 321?
317
Calculate the remainder when 1965 is divided by 89.
7
Calculate the remainder when 4121 is divided by 302.
195
What is the remainder when 436 is divided by 330?
106
What is the remainder when 2505 is divided by 358?
357
Calculate the remainder when 52424 is divided by 17348.
380
What is the remainder when 6437635 is divided by 24?
19
What is the remainder when 2782 is divided by 693?
10
What is the remainder when 135632 is divided by 45202?
26
What is the remainder when 877153 is divided by 1?
0
Calculate the remainder when 42629 is divided by 90.
59
Calculate the remainder when 2766 is divided by 248.
38
Calculate the remainder when 421246 is divided by 19.
16
What is the remainder when 17399 is divided by 3475?
24
Calculate the remainder when 6016 is divided by 14.
10
Calculate the remainder when 1172914 is divided by 994.
988
Calculate the remainder when 7935 is divided by 368.
207
What is the remainder when 991 is divided by 962?
29
Calculate the remainder when 3653 is divided by 912.
5
Calculate the remainder when 19223 is divided by 622.
563
What is the remainder when 22238 is divided by 49?
41
Calculate the remainder when 285 is divided by 31.
6
What is the remainder when 3984 is divided by 1127?
603
What is the remainder when 26228 is divided by 13107?
14
What is the remainder when 32031 is divided by 44?
43
Calculate the remainder when 46968 is divided by 153.
150
What is the remainder when 34928 is divided by 14?
12
Calculate the remainder when 5661 is divided by 70.
61
What is the remainder when 1149 is divided by 452?
245
Calculate the remainder when 14487 is divided by 4808.
63
Calculate the remainder when 2817 is divided by 120.
57
What is the remainder when 15282 is divided by 15?
12
Calculate the remainder when 158693 is divided by 39669.
17
Calculate the remainder when 324566 is divided by 92.
82
Calculate the remainder when 1928 is divided by 112.
24
Calculate the remainder when 90721 is divided by 1226.
1223
What is the remainder when 71385 is divided by 32?
25
Calculate the remainder when 1043 is divided by 185.
118
Calculate the remainder when 760 is divided by 118.
52
Calculate the remainder when 20178 is divided by 841.
835
Calculate the remainder when 20975 is divided by 912.
911
Calculate the remainder when 998 is divided by 106.
44
Calculate the remainder when 32706 is divided by 239.
202
Calculate the remainder when 4271 is divided by 214.
205
What is the remainder when 34080 is divided by 11356?
12
What is the remainder when 199344 is divided by 291?
9
What is the remainder when 118368 is divided by 35?
33
Calculate the remainder when 742 is divided by 89.
30
What is the remainder when 1430899 is divided by 205?
204
Calculate the remainder when 3306 is divided by 3276.
30
What is the remainder when 40394 is divided by 10?
4
What is the remainder when 2707 is divided by 128?
19
Calculate the remainder when 10970 is divided by 2189.
25
Calculate the remainder when 14246 is divided by 7121.
4
What is the remainder when 18538 is divided by 777?
667
Calculate the remainder when 114557 is divided by 8810.
27
Calculate the remainder when 13414 is divided by 92.
74
What is the remainder when 778 is divided by 24?
10
What is the remainder when 335 is divided by 310?
25
Calculate the remainder when 3871 is divided by 192.
31
Calculate the remainder when 569992 is divided by 284987.
18
What is the remainder when 2754 is divided by 60?
54
Calculate the remainder when 14534 is divided by 693.
674
Calculate the remainder when 26482 is divided by 104.
66
What is the remainder when 5597 is divided by 1333?
265
What is the remainder when 6642 is divided by 199?
75
What is the remainder when 52592 is divided by 197?
190
Calculate the remainder when 91694 is divided by 95.
19
What is the remainder when 8827 is divided by 441?
7
What is the remainder when 6508 is divided by 52?
8
What is the remainder when 2024 is divided by 664?
32
Calculate the remainder when 50901 is divided by 54.
33
What is the remainder when 3470 is divided by 440?
390
Calculate the r